{"id":13,"date":"2020-08-23T22:04:43","date_gmt":"2020-08-23T20:04:43","guid":{"rendered":"http:\/\/geotrouvetou.org\/?page_id=13"},"modified":"2026-01-07T15:13:02","modified_gmt":"2026-01-07T14:13:02","slug":"le-nouveau-e-mucem-ouvre-ses-portes-2","status":"publish","type":"page","link":"https:\/\/geotrouvetou.org\/","title":{"rendered":"Les Ateliers de Science G\u00e9oTrouvetou"},"content":{"rendered":"\n<p>Pour l&#8221;ann\u00e9e 2025 de science en r\u00e9trospective, c&#8217;est <a href=\"https:\/\/geotrouvetou.org\/wp-admin\/post.php?post=560&amp;action=edit\" target=\"_blank\" rel=\"noreferrer noopener\">ICI<\/a><\/p>\n\n\n\n<p><strong>Enfants\/ Ados<\/strong> : Ateliers de science et Soutien scolaire<\/p>\n\n\n\n<p><strong>Adultes<\/strong> : Rencontres autour du fil<\/p>\n\n\n\n<p><\/p>\n\n\n\n<p><strong>On commence le Samedi 20 Septembre 2025!!<\/strong><\/p>\n\n\n\n<ul class=\"wp-block-list\">\n<li>Entre 9 et 12h pour les ateliers de science<\/li>\n\n\n\n<li>Entre 9 et 13h pour le soutien scolaire<\/li>\n<\/ul>\n\n\n\n<div class=\"wp-block-group alignwide\"><div class=\"wp-block-group__inner-container is-layout-flow wp-block-group-is-layout-flow\">\n<h1 class=\"wp-block-heading has-text-align-center has-larger-font-size\">Ram\u00e8ne ta Science :  Soutien scolaire multimati\u00e8res El\u00e9mentaire, Coll\u00e8ge, Lyc\u00e9e<\/h1>\n\n\n\n<p class=\"has-text-align-center has-normal-font-size\"><strong>Une aide efficace pour faire d\u00e9coller tes r\u00e9sultats!<\/strong>  <\/p>\n\n\n\n<p class=\"has-text-align-center has-normal-font-size\"><strong>Pour en savoir plus, c&#8217;est <a href=\"http:\/\/geotrouvetou.org\/index.php\/fais-decoller-tes-resultats\/\" target=\"_blank\" rel=\"noreferrer noopener\">ICI<\/a><\/strong><\/p>\n\n\n\n<p><\/p>\n\n\n\n<h1 class=\"wp-block-heading has-text-align-center has-larger-font-size\">Graines de Science : A partir de 5 ans :<\/h1>\n<\/div><\/div>\n\n\n\n<div class=\"wp-block-columns alignwide is-layout-flex wp-container-core-columns-is-layout-9d6595d7 wp-block-columns-is-layout-flex\">\n<div class=\"wp-block-column is-layout-flow wp-block-column-is-layout-flow\">\n<div class=\"wp-block-group\"><div class=\"wp-block-group__inner-container is-layout-flow wp-block-group-is-layout-flow\">\n<figure class=\"wp-block-image alignfull size-large\"><img loading=\"lazy\" decoding=\"async\" width=\"1024\" height=\"766\" src=\"http:\/\/geotrouvetou.org\/wp-content\/uploads\/2020\/08\/Decouvrir-1024x766.jpg\" alt=\"\" class=\"wp-image-103\" srcset=\"https:\/\/geotrouvetou.org\/wp-content\/uploads\/2020\/08\/Decouvrir-1024x766.jpg 1024w, https:\/\/geotrouvetou.org\/wp-content\/uploads\/2020\/08\/Decouvrir-300x224.jpg 300w, https:\/\/geotrouvetou.org\/wp-content\/uploads\/2020\/08\/Decouvrir-768x574.jpg 768w, https:\/\/geotrouvetou.org\/wp-content\/uploads\/2020\/08\/Decouvrir-1200x898.jpg 1200w, https:\/\/geotrouvetou.org\/wp-content\/uploads\/2020\/08\/Decouvrir.jpg 1492w\" sizes=\"auto, (max-width: 1024px) 100vw, 1024px\" \/><\/figure>\n\n\n\n<h4 class=\"wp-block-heading\">D\u00e9couvrir<\/h4>\n\n\n\n<p>Et <strong>bien plus encore<\/strong>, des fossiles aux robots!<\/p>\n\n\n\n<div class=\"wp-block-button is-style-outline is-style-outline--1\"><a class=\"wp-block-button__link wp-element-button\" href=\"http:\/\/geotrouvetou.org\/index.php\/decouvrir\/\" target=\"_blank\" rel=\"noreferrer noopener\">Lire la suite<\/a><\/div>\n<\/div><\/div>\n<\/div>\n\n\n\n<div class=\"wp-block-column is-layout-flow wp-block-column-is-layout-flow\">\n<div class=\"wp-block-group\"><div class=\"wp-block-group__inner-container is-layout-flow wp-block-group-is-layout-flow\">\n<figure class=\"wp-block-image alignfull size-large\"><img loading=\"lazy\" decoding=\"async\" width=\"1024\" height=\"768\" src=\"http:\/\/geotrouvetou.org\/wp-content\/uploads\/2020\/08\/partager-1024x768.jpg\" alt=\"\" class=\"wp-image-80\" srcset=\"https:\/\/geotrouvetou.org\/wp-content\/uploads\/2020\/08\/partager-1024x768.jpg 1024w, https:\/\/geotrouvetou.org\/wp-content\/uploads\/2020\/08\/partager-300x225.jpg 300w, https:\/\/geotrouvetou.org\/wp-content\/uploads\/2020\/08\/partager-768x576.jpg 768w, https:\/\/geotrouvetou.org\/wp-content\/uploads\/2020\/08\/partager-1200x900.jpg 1200w, https:\/\/geotrouvetou.org\/wp-content\/uploads\/2020\/08\/partager.jpg 1490w\" sizes=\"auto, (max-width: 1024px) 100vw, 1024px\" \/><\/figure>\n\n\n\n<h4 class=\"wp-block-heading\">Partager<\/h4>\n\n\n\n<p>Des moments <strong>inoubliables<\/strong> !<\/p>\n\n\n\n<div class=\"wp-block-button is-style-outline is-style-outline--2\"><a class=\"wp-block-button__link wp-element-button\" href=\"http:\/\/geotrouvetou.org\/index.php\/partager\/\" target=\"_blank\" rel=\"noreferrer noopener\">Lire la suite<\/a><\/div>\n<\/div><\/div>\n<\/div>\n<\/div>\n\n\n\n<p>Pour les <strong>rencontres autour du fil <\/strong>: prochain rdv le 11 Octobre 2025, plus d&#8217;informations sur le site des m\u00e9diath\u00e8ques du Val d&#8217;Europe (Inscription obligatoire).<\/p>\n\n\n\n<p>Pour en savoir plus sur le <strong>groupe WhatsApp &#8220;Des Fils et des Mains&#8221;<\/strong>, contactez nous. Prochaine rencontre \u00e0 la maison des Tournesols : le 27 Septembre 2025.<\/p>\n\n\n<div class=\"wp-block-image\">\n<figure class=\"aligncenter size-full\"><img loading=\"lazy\" decoding=\"async\" width=\"163\" height=\"102\" src=\"https:\/\/geotrouvetou.org\/wp-content\/uploads\/2024\/09\/image-1.png\" alt=\"\" class=\"wp-image-450\"\/><\/figure>\n<\/div>\n\n\n<p><\/p>\n\n\n\n<div class=\"wp-block-group alignwide\"><div class=\"wp-block-group__inner-container is-layout-flow wp-block-group-is-layout-flow\">\n<h2 class=\"wp-block-heading has-text-align-center has-accent-color has-text-color\">\u00ab&nbsp;Rappelez-vous de regarder les \u00e9toiles et non pas vos pieds&nbsp;\u00bb.<\/h2>\n\n\n\n<h4 class=\"wp-block-heading has-text-align-center has-accent-color has-text-color\">Stephen Hawkins<\/h4>\n<\/div><\/div>\n\n\n\n<p class=\"has-drop-cap\">Parce que tous les enfants regardent vers les \u00e9toiles et se posent une foule de questions, <strong>cultivez leur curiosit\u00e9 <\/strong>!  Des activit\u00e9s pour comprendre, reprendre les bases si n\u00e9cessaire, <strong>retrouver confiance<\/strong> en ses capacit\u00e9s.<\/p>\n\n\n\n<p>Parce que <strong>la science explore tous les domaines<\/strong>, et qu&#8217;<strong>exp\u00e9rimenter<\/strong> et <strong>comprendre<\/strong> c&#8217;est la meilleure fa\u00e7on de s&#8217;approprier le savoir, nous proposons des activit\u00e9s qui enthousiasmeront vos enfants, petits ou grands, r\u00e9serv\u00e9s ou extravertis, calmes ou remuants!<\/p>\n\n\n\n<div class=\"wp-block-group alignwide has-background\" style=\"background-color:#ffffff\"><div class=\"wp-block-group__inner-container is-layout-flow wp-block-group-is-layout-flow\">\n<div class=\"wp-block-group\"><div class=\"wp-block-group__inner-container is-layout-flow wp-block-group-is-layout-flow\">\n<h2 class=\"wp-block-heading has-text-align-center\">Rejoignez-nous!<\/h2>\n\n\n\n<p class=\"has-text-align-center\">Contactez-nous pour plus de renseignements sur nos tarifs et les modalit\u00e9s de paiement propos\u00e9es<\/p>\n\n\n\n<div class=\"wp-block-button aligncenter\"><a class=\"wp-block-button__link wp-element-button\" href=\"http:\/\/geotrouvetou.org\/index.php\/nos-tarifs\/\" target=\"_blank\" rel=\"noreferrer noopener\">Rejoindre le club<\/a><\/div>\n<\/div><\/div>\n<\/div><\/div>\n\n\n\n<p><\/p>\n\n\n\n<figure class=\"wp-block-gallery alignwide has-nested-images columns-default is-cropped wp-block-gallery-3 is-layout-flex wp-block-gallery-is-layout-flex\">\n<figure class=\"wp-block-image size-large\"><img loading=\"lazy\" decoding=\"async\" width=\"1024\" height=\"1024\" data-id=\"105\" src=\"http:\/\/geotrouvetou.org\/wp-content\/uploads\/2020\/08\/Realisations-1024x1024.jpg\" alt=\"\" class=\"wp-image-105\" srcset=\"https:\/\/geotrouvetou.org\/wp-content\/uploads\/2020\/08\/Realisations-1024x1024.jpg 1024w, https:\/\/geotrouvetou.org\/wp-content\/uploads\/2020\/08\/Realisations-300x300.jpg 300w, https:\/\/geotrouvetou.org\/wp-content\/uploads\/2020\/08\/Realisations-150x150.jpg 150w, https:\/\/geotrouvetou.org\/wp-content\/uploads\/2020\/08\/Realisations-768x767.jpg 768w, https:\/\/geotrouvetou.org\/wp-content\/uploads\/2020\/08\/Realisations.jpg 1118w\" sizes=\"auto, (max-width: 1024px) 100vw, 1024px\" \/><\/figure>\n\n\n\n<figure class=\"wp-block-image size-large\"><img loading=\"lazy\" decoding=\"async\" width=\"1022\" height=\"1024\" data-id=\"107\" src=\"http:\/\/geotrouvetou.org\/wp-content\/uploads\/2020\/08\/Atelier_HarryPotter-1022x1024.png\" alt=\"\" class=\"wp-image-107\" srcset=\"https:\/\/geotrouvetou.org\/wp-content\/uploads\/2020\/08\/Atelier_HarryPotter-1022x1024.png 1022w, https:\/\/geotrouvetou.org\/wp-content\/uploads\/2020\/08\/Atelier_HarryPotter-300x300.png 300w, https:\/\/geotrouvetou.org\/wp-content\/uploads\/2020\/08\/Atelier_HarryPotter-150x150.png 150w, https:\/\/geotrouvetou.org\/wp-content\/uploads\/2020\/08\/Atelier_HarryPotter-768x769.png 768w, https:\/\/geotrouvetou.org\/wp-content\/uploads\/2020\/08\/Atelier_HarryPotter.png 1116w\" sizes=\"auto, (max-width: 1022px) 100vw, 1022px\" \/><\/figure>\n<\/figure>\n\n\n\n<p><\/p>\n","protected":false},"excerpt":{"rendered":"<p>Pour l&#8221;ann\u00e9e 2025 de science en r\u00e9trospective, c&#8217;est ICI Enfants\/ Ados : Ateliers de science et Soutien scolaire Adultes : Rencontres autour du fil On commence le Samedi 20 Septembre 2025!! Ram\u00e8ne ta Science : Soutien scolaire multimati\u00e8res El\u00e9mentaire, Coll\u00e8ge, Lyc\u00e9e Une aide efficace pour faire d\u00e9coller tes r\u00e9sultats! Pour en savoir plus, c&#8217;est ICI [&hellip;]<\/p>\n","protected":false},"author":1,"featured_media":0,"parent":0,"menu_order":0,"comment_status":"closed","ping_status":"closed","template":"","meta":{"footnotes":""},"class_list":["post-13","page","type-page","status-publish","hentry"],"yoast_head":"<!-- This site is optimized with the Yoast SEO plugin v24.9 - https:\/\/yoast.com\/wordpress\/plugins\/seo\/ -->\n<title>Les Ateliers de Science G\u00e9oTrouvetou - Ateliers de science G\u00e9otrouvetou<\/title>\n<meta name=\"robots\" content=\"index, follow, max-snippet:-1, max-image-preview:large, max-video-preview:-1\" \/>\n<link rel=\"canonical\" href=\"https:\/\/geotrouvetou.org\/\" \/>\n<meta property=\"og:locale\" content=\"en_US\" \/>\n<meta property=\"og:type\" content=\"article\" \/>\n<meta property=\"og:title\" content=\"Les Ateliers de Science G\u00e9oTrouvetou - Ateliers de science G\u00e9otrouvetou\" \/>\n<meta property=\"og:description\" content=\"Pour l&#8221;ann\u00e9e 2025 de science en r\u00e9trospective, c&#8217;est ICI Enfants\/ Ados : Ateliers de science et Soutien scolaire Adultes : Rencontres autour du fil On commence le Samedi 20 Septembre 2025!! Ram\u00e8ne ta Science : Soutien scolaire multimati\u00e8res El\u00e9mentaire, Coll\u00e8ge, Lyc\u00e9e Une aide efficace pour faire d\u00e9coller tes r\u00e9sultats! Pour en savoir plus, c&#8217;est ICI [&hellip;]\" \/>\n<meta property=\"og:url\" content=\"https:\/\/geotrouvetou.org\/\" \/>\n<meta property=\"og:site_name\" content=\"Ateliers de science G\u00e9otrouvetou\" \/>\n<meta property=\"article:modified_time\" content=\"2026-01-07T14:13:02+00:00\" \/>\n<meta property=\"og:image\" content=\"https:\/\/geotrouvetou.org\/wp-content\/uploads\/2020\/08\/Decouvrir.jpg\" \/>\n\t<meta property=\"og:image:width\" content=\"1492\" \/>\n\t<meta property=\"og:image:height\" content=\"1116\" \/>\n\t<meta property=\"og:image:type\" content=\"image\/jpeg\" \/>\n<meta name=\"twitter:card\" content=\"summary_large_image\" \/>\n<meta name=\"twitter:label1\" content=\"Est. reading time\" \/>\n\t<meta name=\"twitter:data1\" content=\"3 minutes\" \/>\n<script type=\"application\/ld+json\" class=\"yoast-schema-graph\">{\"@context\":\"https:\/\/schema.org\",\"@graph\":[{\"@type\":\"WebPage\",\"@id\":\"https:\/\/geotrouvetou.org\/\",\"url\":\"https:\/\/geotrouvetou.org\/\",\"name\":\"Les Ateliers de Science G\u00e9oTrouvetou - Ateliers de science G\u00e9otrouvetou\",\"isPartOf\":{\"@id\":\"https:\/\/geotrouvetou.org\/#website\"},\"primaryImageOfPage\":{\"@id\":\"https:\/\/geotrouvetou.org\/#primaryimage\"},\"image\":{\"@id\":\"https:\/\/geotrouvetou.org\/#primaryimage\"},\"thumbnailUrl\":\"http:\/\/geotrouvetou.org\/wp-content\/uploads\/2020\/08\/Decouvrir-1024x766.jpg\",\"datePublished\":\"2020-08-23T20:04:43+00:00\",\"dateModified\":\"2026-01-07T14:13:02+00:00\",\"breadcrumb\":{\"@id\":\"https:\/\/geotrouvetou.org\/#breadcrumb\"},\"inLanguage\":\"en-US\",\"potentialAction\":[{\"@type\":\"ReadAction\",\"target\":[\"https:\/\/geotrouvetou.org\/\"]}]},{\"@type\":\"ImageObject\",\"inLanguage\":\"en-US\",\"@id\":\"https:\/\/geotrouvetou.org\/#primaryimage\",\"url\":\"https:\/\/geotrouvetou.org\/wp-content\/uploads\/2020\/08\/Decouvrir.jpg\",\"contentUrl\":\"https:\/\/geotrouvetou.org\/wp-content\/uploads\/2020\/08\/Decouvrir.jpg\",\"width\":1492,\"height\":1116},{\"@type\":\"BreadcrumbList\",\"@id\":\"https:\/\/geotrouvetou.org\/#breadcrumb\",\"itemListElement\":[{\"@type\":\"ListItem\",\"position\":1,\"name\":\"Accueil\",\"item\":\"https:\/\/geotrouvetou.org\/\"},{\"@type\":\"ListItem\",\"position\":2,\"name\":\"Les Ateliers de Science G\u00e9oTrouvetou\"}]},{\"@type\":\"WebSite\",\"@id\":\"https:\/\/geotrouvetou.org\/#website\",\"url\":\"https:\/\/geotrouvetou.org\/\",\"name\":\"Ateliers de science G\u00e9otrouvetou\",\"description\":\"Tout Comprendre pour Mieux Apprendre!\",\"publisher\":{\"@id\":\"https:\/\/geotrouvetou.org\/#organization\"},\"potentialAction\":[{\"@type\":\"SearchAction\",\"target\":{\"@type\":\"EntryPoint\",\"urlTemplate\":\"https:\/\/geotrouvetou.org\/?s={search_term_string}\"},\"query-input\":{\"@type\":\"PropertyValueSpecification\",\"valueRequired\":true,\"valueName\":\"search_term_string\"}}],\"inLanguage\":\"en-US\"},{\"@type\":\"Organization\",\"@id\":\"https:\/\/geotrouvetou.org\/#organization\",\"name\":\"Ateliers de science G\u00e9otrouvetou\",\"url\":\"https:\/\/geotrouvetou.org\/\",\"logo\":{\"@type\":\"ImageObject\",\"inLanguage\":\"en-US\",\"@id\":\"https:\/\/geotrouvetou.org\/#\/schema\/logo\/image\/\",\"url\":\"https:\/\/geotrouvetou.org\/wp-content\/uploads\/2022\/03\/cropped-cropped-logo_20223.png\",\"contentUrl\":\"https:\/\/geotrouvetou.org\/wp-content\/uploads\/2022\/03\/cropped-cropped-logo_20223.png\",\"width\":512,\"height\":384,\"caption\":\"Ateliers de science G\u00e9otrouvetou\"},\"image\":{\"@id\":\"https:\/\/geotrouvetou.org\/#\/schema\/logo\/image\/\"}}]}<\/script>\n<!-- \/ Yoast SEO plugin. -->","yoast_head_json":{"title":"Les Ateliers de Science G\u00e9oTrouvetou - Ateliers de science G\u00e9otrouvetou","robots":{"index":"index","follow":"follow","max-snippet":"max-snippet:-1","max-image-preview":"max-image-preview:large","max-video-preview":"max-video-preview:-1"},"canonical":"https:\/\/geotrouvetou.org\/","og_locale":"en_US","og_type":"article","og_title":"Les Ateliers de Science G\u00e9oTrouvetou - Ateliers de science G\u00e9otrouvetou","og_description":"Pour l&#8221;ann\u00e9e 2025 de science en r\u00e9trospective, c&#8217;est ICI Enfants\/ Ados : Ateliers de science et Soutien scolaire Adultes : Rencontres autour du fil On commence le Samedi 20 Septembre 2025!! Ram\u00e8ne ta Science : Soutien scolaire multimati\u00e8res El\u00e9mentaire, Coll\u00e8ge, Lyc\u00e9e Une aide efficace pour faire d\u00e9coller tes r\u00e9sultats! Pour en savoir plus, c&#8217;est ICI [&hellip;]","og_url":"https:\/\/geotrouvetou.org\/","og_site_name":"Ateliers de science G\u00e9otrouvetou","article_modified_time":"2026-01-07T14:13:02+00:00","og_image":[{"width":1492,"height":1116,"url":"https:\/\/geotrouvetou.org\/wp-content\/uploads\/2020\/08\/Decouvrir.jpg","type":"image\/jpeg"}],"twitter_card":"summary_large_image","twitter_misc":{"Est. reading time":"3 minutes"},"schema":{"@context":"https:\/\/schema.org","@graph":[{"@type":"WebPage","@id":"https:\/\/geotrouvetou.org\/","url":"https:\/\/geotrouvetou.org\/","name":"Les Ateliers de Science G\u00e9oTrouvetou - Ateliers de science G\u00e9otrouvetou","isPartOf":{"@id":"https:\/\/geotrouvetou.org\/#website"},"primaryImageOfPage":{"@id":"https:\/\/geotrouvetou.org\/#primaryimage"},"image":{"@id":"https:\/\/geotrouvetou.org\/#primaryimage"},"thumbnailUrl":"http:\/\/geotrouvetou.org\/wp-content\/uploads\/2020\/08\/Decouvrir-1024x766.jpg","datePublished":"2020-08-23T20:04:43+00:00","dateModified":"2026-01-07T14:13:02+00:00","breadcrumb":{"@id":"https:\/\/geotrouvetou.org\/#breadcrumb"},"inLanguage":"en-US","potentialAction":[{"@type":"ReadAction","target":["https:\/\/geotrouvetou.org\/"]}]},{"@type":"ImageObject","inLanguage":"en-US","@id":"https:\/\/geotrouvetou.org\/#primaryimage","url":"https:\/\/geotrouvetou.org\/wp-content\/uploads\/2020\/08\/Decouvrir.jpg","contentUrl":"https:\/\/geotrouvetou.org\/wp-content\/uploads\/2020\/08\/Decouvrir.jpg","width":1492,"height":1116},{"@type":"BreadcrumbList","@id":"https:\/\/geotrouvetou.org\/#breadcrumb","itemListElement":[{"@type":"ListItem","position":1,"name":"Accueil","item":"https:\/\/geotrouvetou.org\/"},{"@type":"ListItem","position":2,"name":"Les Ateliers de Science G\u00e9oTrouvetou"}]},{"@type":"WebSite","@id":"https:\/\/geotrouvetou.org\/#website","url":"https:\/\/geotrouvetou.org\/","name":"Ateliers de science G\u00e9otrouvetou","description":"Tout Comprendre pour Mieux Apprendre!","publisher":{"@id":"https:\/\/geotrouvetou.org\/#organization"},"potentialAction":[{"@type":"SearchAction","target":{"@type":"EntryPoint","urlTemplate":"https:\/\/geotrouvetou.org\/?s={search_term_string}"},"query-input":{"@type":"PropertyValueSpecification","valueRequired":true,"valueName":"search_term_string"}}],"inLanguage":"en-US"},{"@type":"Organization","@id":"https:\/\/geotrouvetou.org\/#organization","name":"Ateliers de science G\u00e9otrouvetou","url":"https:\/\/geotrouvetou.org\/","logo":{"@type":"ImageObject","inLanguage":"en-US","@id":"https:\/\/geotrouvetou.org\/#\/schema\/logo\/image\/","url":"https:\/\/geotrouvetou.org\/wp-content\/uploads\/2022\/03\/cropped-cropped-logo_20223.png","contentUrl":"https:\/\/geotrouvetou.org\/wp-content\/uploads\/2022\/03\/cropped-cropped-logo_20223.png","width":512,"height":384,"caption":"Ateliers de science G\u00e9otrouvetou"},"image":{"@id":"https:\/\/geotrouvetou.org\/#\/schema\/logo\/image\/"}}]}},"_links":{"self":[{"href":"https:\/\/geotrouvetou.org\/index.php\/wp-json\/wp\/v2\/pages\/13","targetHints":{"allow":["GET"]}}],"collection":[{"href":"https:\/\/geotrouvetou.org\/index.php\/wp-json\/wp\/v2\/pages"}],"about":[{"href":"https:\/\/geotrouvetou.org\/index.php\/wp-json\/wp\/v2\/types\/page"}],"author":[{"embeddable":true,"href":"https:\/\/geotrouvetou.org\/index.php\/wp-json\/wp\/v2\/users\/1"}],"replies":[{"embeddable":true,"href":"https:\/\/geotrouvetou.org\/index.php\/wp-json\/wp\/v2\/comments?post=13"}],"version-history":[{"count":95,"href":"https:\/\/geotrouvetou.org\/index.php\/wp-json\/wp\/v2\/pages\/13\/revisions"}],"predecessor-version":[{"id":589,"href":"https:\/\/geotrouvetou.org\/index.php\/wp-json\/wp\/v2\/pages\/13\/revisions\/589"}],"wp:attachment":[{"href":"https:\/\/geotrouvetou.org\/index.php\/wp-json\/wp\/v2\/media?parent=13"}],"curies":[{"name":"wp","href":"https:\/\/api.w.org\/{rel}","templated":true}]}}