{"id":150,"date":"2020-08-29T00:55:28","date_gmt":"2020-08-28T22:55:28","guid":{"rendered":"http:\/\/geotrouvetou.org\/?page_id=150"},"modified":"2025-07-30T18:56:48","modified_gmt":"2025-07-30T16:56:48","slug":"nos-tarifs","status":"publish","type":"page","link":"https:\/\/geotrouvetou.org\/index.php\/nos-tarifs\/","title":{"rendered":"Tarifs"},"content":{"rendered":"\n<p class=\"has-larger-font-size\">SOUTIEN SCOLAIRE &#8211; <strong>RAMENE TA SCIENCE<\/strong> &#8211; Bulletin d&#8217;inscription <a href=\"http:\/\/geotrouvetou.org\/wp-content\/uploads\/2025\/07\/bulletin_Inscription_2025-2026.pdf\" target=\"_blank\" rel=\"noreferrer noopener\">ICI<\/a><\/p>\n\n\n\n<p><em><strong><span style=\"color: #8A2BE2;\">UNE<\/span> ou <strong><span style=\"color: #8A2BE2;\">PLUSIEURS MATIERES<\/span>, \u00e0 <strong><span style=\"color: #8A2BE2;\">L&#8217;ANNEE <\/span>ou en <strong><span style=\"color: #8A2BE2;\">STAGE<\/span>, A vous de choisir!<\/strong><\/strong><\/strong><\/strong><\/em><\/p>\n\n\n\n<p>Tarif : <strong><span style=\"color: #8A2BE2;\">100 euros<\/span><\/strong> par mois (300 par trimestre, 900 pour l&#8217;ann\u00e9e)+ <strong><span style=\"color: #8A2BE2;\">50 euros<\/span><\/strong> d&#8217;adh\u00e9sion \u00e0 l&#8217;association (exemption d\u00e8s la 2\u00e8me ann\u00e9e d&#8217;adh\u00e9sion)<\/p>\n\n\n\n<figure class=\"wp-block-image size-large\"><img loading=\"lazy\" decoding=\"async\" width=\"1024\" height=\"351\" src=\"https:\/\/geotrouvetou.org\/wp-content\/uploads\/2025\/07\/Image_Soutien-1-1024x351.jpg\" alt=\"\" class=\"wp-image-533\" srcset=\"https:\/\/geotrouvetou.org\/wp-content\/uploads\/2025\/07\/Image_Soutien-1-1024x351.jpg 1024w, https:\/\/geotrouvetou.org\/wp-content\/uploads\/2025\/07\/Image_Soutien-1-300x103.jpg 300w, https:\/\/geotrouvetou.org\/wp-content\/uploads\/2025\/07\/Image_Soutien-1-768x263.jpg 768w, https:\/\/geotrouvetou.org\/wp-content\/uploads\/2025\/07\/Image_Soutien-1-1536x526.jpg 1536w, https:\/\/geotrouvetou.org\/wp-content\/uploads\/2025\/07\/Image_Soutien-1-1200x411.jpg 1200w, https:\/\/geotrouvetou.org\/wp-content\/uploads\/2025\/07\/Image_Soutien-1.jpg 1600w\" sizes=\"auto, (max-width: 1024px) 100vw, 1024px\" \/><\/figure>\n\n\n\n<hr class=\"wp-block-separator has-css-opacity\"\/>\n\n\n\n<p class=\"has-larger-font-size\">ATELIERS DE SCIENCE <strong>&#8211; GRAINES DE SCIENCE<\/strong> &#8211; Bulletin d&#8217;inscription <a href=\"http:\/\/geotrouvetou.org\/wp-content\/uploads\/2025\/07\/bulletin_Inscription_2025-2026.pdf\" target=\"_blank\" rel=\"noreferrer noopener\">ICI<\/a><\/p>\n\n\n\n<p class=\"has-primary-color has-text-color\"><em>Pour  une ann\u00e9e de science soit en moyenne <strong><span style=\"color: #8A2BE2;\">une trentaine d&#8217;ateliers d&#8217;1h30<\/span><\/strong>, le samedi d\u00e8s 9h, sans compter les <strong><span style=\"color: #8A2BE2;\">ateliers exceptionnels <\/span><\/strong>inspir\u00e9s des f\u00eates du calendrier, notamment Halloween, No\u00ebl, Carnaval, P\u00e2ques<\/em>&#8230;<\/p>\n\n\n\n<p class=\"has-text-align-left has-large-font-size\">Tarif : <strong><span style=\"color: #8A2BE2;\">300 euros<\/span><\/strong> pour l&#8217;ann\u00e9e+ <strong><span style=\"color: #8A2BE2;\">50 euros<\/span><\/strong> d&#8217;adh\u00e9sion \u00e0 l&#8217;association<\/p>\n\n\n\n<p class=\"has-text-align-left\"><em>Comprend l&#8217;ensemble du mat\u00e9riel, des feuilles de papier aux mini-robots. Ils incluent  le <strong><span style=\"color: #8A2BE2;\">butin des chasses aux tr\u00e9sors<\/span><\/strong>, le contenu des <strong><span style=\"color: #8A2BE2;\">calendriers de l&#8217;avent<\/span><\/strong>, un <strong><span style=\"color: #8A2BE2;\">cadeau personnalis\u00e9<\/span><\/strong> pour No\u00ebl et bien d&#8217;autres surprises!<\/em><\/p>\n\n\n\n<p class=\"has-text-align-left\"><em>En fin d&#8217;ann\u00e9e un<strong><span style=\"color: #8A2BE2;\"> dipl\u00f4me d&#8217;apprenti scientifique <\/span><\/strong>est d\u00e9cern\u00e9 \u00e0 chacun des participants au cours d&#8217;une c\u00e9r\u00e9monie de cl\u00f4ture &#8220;officielle&#8221; ; Chaque jeune dipl\u00f4m\u00e9 re\u00e7oit <strong><span style=\"color: #8A2BE2;\">un prix<\/span><\/strong> bien m\u00e9rit\u00e9! <\/em><\/p>\n\n\n\n<hr class=\"wp-block-separator has-css-opacity\"\/>\n\n\n\n<p><\/p>\n","protected":false},"excerpt":{"rendered":"<p>SOUTIEN SCOLAIRE &#8211; RAMENE TA SCIENCE &#8211; Bulletin d&#8217;inscription ICI UNE ou PLUSIEURS MATIERES, \u00e0 L&#8217;ANNEE ou en STAGE, A vous de choisir! Tarif : 100 euros par mois (300 par trimestre, 900 pour l&#8217;ann\u00e9e)+ 50 euros d&#8217;adh\u00e9sion \u00e0 l&#8217;association (exemption d\u00e8s la 2\u00e8me ann\u00e9e d&#8217;adh\u00e9sion) ATELIERS DE SCIENCE &#8211; GRAINES DE SCIENCE &#8211; Bulletin [&hellip;]<\/p>\n","protected":false},"author":1,"featured_media":0,"parent":0,"menu_order":0,"comment_status":"closed","ping_status":"closed","template":"","meta":{"footnotes":""},"class_list":["post-150","page","type-page","status-publish","hentry"],"yoast_head":"<!-- This site is optimized with the Yoast SEO plugin v24.9 - https:\/\/yoast.com\/wordpress\/plugins\/seo\/ -->\n<title>Tarifs - Ateliers de science G\u00e9otrouvetou<\/title>\n<meta name=\"robots\" content=\"index, follow, max-snippet:-1, max-image-preview:large, max-video-preview:-1\" \/>\n<link rel=\"canonical\" href=\"https:\/\/geotrouvetou.org\/index.php\/nos-tarifs\/\" \/>\n<meta property=\"og:locale\" content=\"en_US\" \/>\n<meta property=\"og:type\" content=\"article\" \/>\n<meta property=\"og:title\" content=\"Tarifs - Ateliers de science G\u00e9otrouvetou\" \/>\n<meta property=\"og:description\" content=\"SOUTIEN SCOLAIRE &#8211; RAMENE TA SCIENCE &#8211; Bulletin d&#8217;inscription ICI UNE ou PLUSIEURS MATIERES, \u00e0 L&#8217;ANNEE ou en STAGE, A vous de choisir! Tarif : 100 euros par mois (300 par trimestre, 900 pour l&#8217;ann\u00e9e)+ 50 euros d&#8217;adh\u00e9sion \u00e0 l&#8217;association (exemption d\u00e8s la 2\u00e8me ann\u00e9e d&#8217;adh\u00e9sion) ATELIERS DE SCIENCE &#8211; GRAINES DE SCIENCE &#8211; Bulletin [&hellip;]\" \/>\n<meta property=\"og:url\" content=\"https:\/\/geotrouvetou.org\/index.php\/nos-tarifs\/\" \/>\n<meta property=\"og:site_name\" content=\"Ateliers de science G\u00e9otrouvetou\" \/>\n<meta property=\"article:modified_time\" content=\"2025-07-30T16:56:48+00:00\" \/>\n<meta property=\"og:image\" content=\"https:\/\/geotrouvetou.org\/wp-content\/uploads\/2025\/07\/Image_Soutien-1-1024x351.jpg\" \/>\n<meta name=\"twitter:card\" content=\"summary_large_image\" \/>\n<meta name=\"twitter:label1\" content=\"Est. reading time\" \/>\n\t<meta name=\"twitter:data1\" content=\"1 minute\" \/>\n<script type=\"application\/ld+json\" class=\"yoast-schema-graph\">{\"@context\":\"https:\/\/schema.org\",\"@graph\":[{\"@type\":\"WebPage\",\"@id\":\"https:\/\/geotrouvetou.org\/index.php\/nos-tarifs\/\",\"url\":\"https:\/\/geotrouvetou.org\/index.php\/nos-tarifs\/\",\"name\":\"Tarifs - Ateliers de science G\u00e9otrouvetou\",\"isPartOf\":{\"@id\":\"https:\/\/geotrouvetou.org\/#website\"},\"primaryImageOfPage\":{\"@id\":\"https:\/\/geotrouvetou.org\/index.php\/nos-tarifs\/#primaryimage\"},\"image\":{\"@id\":\"https:\/\/geotrouvetou.org\/index.php\/nos-tarifs\/#primaryimage\"},\"thumbnailUrl\":\"https:\/\/geotrouvetou.org\/wp-content\/uploads\/2025\/07\/Image_Soutien-1-1024x351.jpg\",\"datePublished\":\"2020-08-28T22:55:28+00:00\",\"dateModified\":\"2025-07-30T16:56:48+00:00\",\"breadcrumb\":{\"@id\":\"https:\/\/geotrouvetou.org\/index.php\/nos-tarifs\/#breadcrumb\"},\"inLanguage\":\"en-US\",\"potentialAction\":[{\"@type\":\"ReadAction\",\"target\":[\"https:\/\/geotrouvetou.org\/index.php\/nos-tarifs\/\"]}]},{\"@type\":\"ImageObject\",\"inLanguage\":\"en-US\",\"@id\":\"https:\/\/geotrouvetou.org\/index.php\/nos-tarifs\/#primaryimage\",\"url\":\"https:\/\/geotrouvetou.org\/wp-content\/uploads\/2025\/07\/Image_Soutien-1.jpg\",\"contentUrl\":\"https:\/\/geotrouvetou.org\/wp-content\/uploads\/2025\/07\/Image_Soutien-1.jpg\",\"width\":1600,\"height\":548},{\"@type\":\"BreadcrumbList\",\"@id\":\"https:\/\/geotrouvetou.org\/index.php\/nos-tarifs\/#breadcrumb\",\"itemListElement\":[{\"@type\":\"ListItem\",\"position\":1,\"name\":\"Accueil\",\"item\":\"https:\/\/geotrouvetou.org\/\"},{\"@type\":\"ListItem\",\"position\":2,\"name\":\"Tarifs\"}]},{\"@type\":\"WebSite\",\"@id\":\"https:\/\/geotrouvetou.org\/#website\",\"url\":\"https:\/\/geotrouvetou.org\/\",\"name\":\"Ateliers de science G\u00e9otrouvetou\",\"description\":\"Tout Comprendre pour Mieux Apprendre!\",\"publisher\":{\"@id\":\"https:\/\/geotrouvetou.org\/#organization\"},\"potentialAction\":[{\"@type\":\"SearchAction\",\"target\":{\"@type\":\"EntryPoint\",\"urlTemplate\":\"https:\/\/geotrouvetou.org\/?s={search_term_string}\"},\"query-input\":{\"@type\":\"PropertyValueSpecification\",\"valueRequired\":true,\"valueName\":\"search_term_string\"}}],\"inLanguage\":\"en-US\"},{\"@type\":\"Organization\",\"@id\":\"https:\/\/geotrouvetou.org\/#organization\",\"name\":\"Ateliers de science G\u00e9otrouvetou\",\"url\":\"https:\/\/geotrouvetou.org\/\",\"logo\":{\"@type\":\"ImageObject\",\"inLanguage\":\"en-US\",\"@id\":\"https:\/\/geotrouvetou.org\/#\/schema\/logo\/image\/\",\"url\":\"https:\/\/geotrouvetou.org\/wp-content\/uploads\/2022\/03\/cropped-cropped-logo_20223.png\",\"contentUrl\":\"https:\/\/geotrouvetou.org\/wp-content\/uploads\/2022\/03\/cropped-cropped-logo_20223.png\",\"width\":512,\"height\":384,\"caption\":\"Ateliers de science G\u00e9otrouvetou\"},\"image\":{\"@id\":\"https:\/\/geotrouvetou.org\/#\/schema\/logo\/image\/\"}}]}<\/script>\n<!-- \/ Yoast SEO plugin. -->","yoast_head_json":{"title":"Tarifs - Ateliers de science G\u00e9otrouvetou","robots":{"index":"index","follow":"follow","max-snippet":"max-snippet:-1","max-image-preview":"max-image-preview:large","max-video-preview":"max-video-preview:-1"},"canonical":"https:\/\/geotrouvetou.org\/index.php\/nos-tarifs\/","og_locale":"en_US","og_type":"article","og_title":"Tarifs - Ateliers de science G\u00e9otrouvetou","og_description":"SOUTIEN SCOLAIRE &#8211; RAMENE TA SCIENCE &#8211; Bulletin d&#8217;inscription ICI UNE ou PLUSIEURS MATIERES, \u00e0 L&#8217;ANNEE ou en STAGE, A vous de choisir! Tarif : 100 euros par mois (300 par trimestre, 900 pour l&#8217;ann\u00e9e)+ 50 euros d&#8217;adh\u00e9sion \u00e0 l&#8217;association (exemption d\u00e8s la 2\u00e8me ann\u00e9e d&#8217;adh\u00e9sion) ATELIERS DE SCIENCE &#8211; GRAINES DE SCIENCE &#8211; Bulletin [&hellip;]","og_url":"https:\/\/geotrouvetou.org\/index.php\/nos-tarifs\/","og_site_name":"Ateliers de science G\u00e9otrouvetou","article_modified_time":"2025-07-30T16:56:48+00:00","og_image":[{"url":"https:\/\/geotrouvetou.org\/wp-content\/uploads\/2025\/07\/Image_Soutien-1-1024x351.jpg","type":"","width":"","height":""}],"twitter_card":"summary_large_image","twitter_misc":{"Est. reading time":"1 minute"},"schema":{"@context":"https:\/\/schema.org","@graph":[{"@type":"WebPage","@id":"https:\/\/geotrouvetou.org\/index.php\/nos-tarifs\/","url":"https:\/\/geotrouvetou.org\/index.php\/nos-tarifs\/","name":"Tarifs - Ateliers de science G\u00e9otrouvetou","isPartOf":{"@id":"https:\/\/geotrouvetou.org\/#website"},"primaryImageOfPage":{"@id":"https:\/\/geotrouvetou.org\/index.php\/nos-tarifs\/#primaryimage"},"image":{"@id":"https:\/\/geotrouvetou.org\/index.php\/nos-tarifs\/#primaryimage"},"thumbnailUrl":"https:\/\/geotrouvetou.org\/wp-content\/uploads\/2025\/07\/Image_Soutien-1-1024x351.jpg","datePublished":"2020-08-28T22:55:28+00:00","dateModified":"2025-07-30T16:56:48+00:00","breadcrumb":{"@id":"https:\/\/geotrouvetou.org\/index.php\/nos-tarifs\/#breadcrumb"},"inLanguage":"en-US","potentialAction":[{"@type":"ReadAction","target":["https:\/\/geotrouvetou.org\/index.php\/nos-tarifs\/"]}]},{"@type":"ImageObject","inLanguage":"en-US","@id":"https:\/\/geotrouvetou.org\/index.php\/nos-tarifs\/#primaryimage","url":"https:\/\/geotrouvetou.org\/wp-content\/uploads\/2025\/07\/Image_Soutien-1.jpg","contentUrl":"https:\/\/geotrouvetou.org\/wp-content\/uploads\/2025\/07\/Image_Soutien-1.jpg","width":1600,"height":548},{"@type":"BreadcrumbList","@id":"https:\/\/geotrouvetou.org\/index.php\/nos-tarifs\/#breadcrumb","itemListElement":[{"@type":"ListItem","position":1,"name":"Accueil","item":"https:\/\/geotrouvetou.org\/"},{"@type":"ListItem","position":2,"name":"Tarifs"}]},{"@type":"WebSite","@id":"https:\/\/geotrouvetou.org\/#website","url":"https:\/\/geotrouvetou.org\/","name":"Ateliers de science G\u00e9otrouvetou","description":"Tout Comprendre pour Mieux Apprendre!","publisher":{"@id":"https:\/\/geotrouvetou.org\/#organization"},"potentialAction":[{"@type":"SearchAction","target":{"@type":"EntryPoint","urlTemplate":"https:\/\/geotrouvetou.org\/?s={search_term_string}"},"query-input":{"@type":"PropertyValueSpecification","valueRequired":true,"valueName":"search_term_string"}}],"inLanguage":"en-US"},{"@type":"Organization","@id":"https:\/\/geotrouvetou.org\/#organization","name":"Ateliers de science G\u00e9otrouvetou","url":"https:\/\/geotrouvetou.org\/","logo":{"@type":"ImageObject","inLanguage":"en-US","@id":"https:\/\/geotrouvetou.org\/#\/schema\/logo\/image\/","url":"https:\/\/geotrouvetou.org\/wp-content\/uploads\/2022\/03\/cropped-cropped-logo_20223.png","contentUrl":"https:\/\/geotrouvetou.org\/wp-content\/uploads\/2022\/03\/cropped-cropped-logo_20223.png","width":512,"height":384,"caption":"Ateliers de science G\u00e9otrouvetou"},"image":{"@id":"https:\/\/geotrouvetou.org\/#\/schema\/logo\/image\/"}}]}},"_links":{"self":[{"href":"https:\/\/geotrouvetou.org\/index.php\/wp-json\/wp\/v2\/pages\/150","targetHints":{"allow":["GET"]}}],"collection":[{"href":"https:\/\/geotrouvetou.org\/index.php\/wp-json\/wp\/v2\/pages"}],"about":[{"href":"https:\/\/geotrouvetou.org\/index.php\/wp-json\/wp\/v2\/types\/page"}],"author":[{"embeddable":true,"href":"https:\/\/geotrouvetou.org\/index.php\/wp-json\/wp\/v2\/users\/1"}],"replies":[{"embeddable":true,"href":"https:\/\/geotrouvetou.org\/index.php\/wp-json\/wp\/v2\/comments?post=150"}],"version-history":[{"count":34,"href":"https:\/\/geotrouvetou.org\/index.php\/wp-json\/wp\/v2\/pages\/150\/revisions"}],"predecessor-version":[{"id":550,"href":"https:\/\/geotrouvetou.org\/index.php\/wp-json\/wp\/v2\/pages\/150\/revisions\/550"}],"wp:attachment":[{"href":"https:\/\/geotrouvetou.org\/index.php\/wp-json\/wp\/v2\/media?parent=150"}],"curies":[{"name":"wp","href":"https:\/\/api.w.org\/{rel}","templated":true}]}}